Let u be g(5). Suppose 330 = 24*z - 21*z. What is the highest common divisor of z and u?
10
Suppose 1 = -h, -4*g + 192 + 428 = -4*h. What is the highest common divisor of 539 and g?
77
Let n(r) = 2*r**3 - 7*r**2 + 15*r - 7. Let y be n(7). Suppose 155 = 5*i + 1360. Let h = y + i. What is the greatest common factor of h and 25?
25
Let b(s) = -6*s - 3. Suppose 7 = -7*a + 14. Let h be b(a). Let j(o) = -6*o - 45. Let t be j(h). What is the highest common divisor of t and 3?
3
Let q be (-36)/(-2)*(15/2 - 6). Suppose -q = -6*v + 7*v. Let a = -9 - v. What is the greatest common divisor of a and 144?
18
Let n = -198 + 289. Let k = -40 + 45. Suppose -5*q + 2*q = 5*z - 39, -2*z = k*q - 65. Calculate the highest common divisor of n and q.
13
Suppose -2*c + 540 = 5*t, 5*c - 1461 = -9*t + 15*t. Let u(h) = -18*h + 3. Let w be u(-3). Calculate the highest common divisor of w and c.
57
Let k be -2*15/((-75)/20). Let n(a) = a**3 + 3*a**2 - 17*a - 24. Let z be n(k). Calculate the greatest common divisor of 17 and z.
17
Let w(h) = 3*h**3 + 186*h**2 + 171*h - 75. Let u be w(-61). Calculate the greatest common divisor of 63 and u.
9
Let n(s) = 46*s - 35. Let a be n(2). Let b = a - 22. What is the greatest common factor of 91 and b?
7
Let k(t) = -4*t**2 - 181*t - 289. Let a be k(-40). What is the greatest common divisor of 58 and a?
29
Let g(w) = 151*w - 177. Let x be g(2). What is the greatest common factor of 15 and x?
5
Suppose 0 = 3*v - 4*h - 101, 3*v = 3*h - 23 + 119. Suppose 19*c - 14*c - 10 = 0. Let a be 15 - (0 + (-1 - c)). Calculate the highest common factor of v and a.
9
Let b = -92 - -96. Suppose -b*d - 3*z = -246 - 99, -4*z - 156 = -2*d. Suppose -2*w = w - d. What is the highest common divisor of w and 28?
28
Suppose 3*v + 399 = 486. Suppose 23*z = v*z - 240. Calculate the greatest common divisor of 16 and z.
8
Suppose -14*m + 18*m = 3*v + 463, -249 = -2*m + 5*v. What is the greatest common factor of m and 4340?
28
Let x be 17/((-170)/36)*300/(-45). What is the greatest common divisor of x and 3252?
12
Let n be 82 + 1 + -1 - 1. Suppose d + 2*d - 4*k = -5, -4*k + 6 = -2*d. Let h be (1/d)/((-3897)/(-486) - 8). Calculate the greatest common factor of n and h.
27
Let n be (1 - 0)/(-1) + 43. Suppose z + z - n = 0. Suppose z*g - 84 = 18*g. Calculate the greatest common divisor of g and 42.
14
Suppose 1524 = -4*n + 592. Let p = n + 238. Calculate the highest common divisor of p and 160.
5
Suppose 58*x - 19*x - 15756 = 0. Suppose -t - 2*q + x = 0, 7*q = 3*q + 16. What is the greatest common divisor of 6 and t?
6
Suppose q = -4*r + 6258 - 1381, 4*q = -5*r + 6110. What is the greatest common factor of 2784 and r?
174
Suppose p - 43 = 32. Let h(t) = -96*t + 4845. Let i be h(50). What is the highest common divisor of i and p?
15
Suppose -933*t + 967*t - 136 = 0. Calculate the greatest common divisor of t and 2012.
4
Let g be (24 + 0)*(-228)/(-38). Let z be 63*(2/1 - 1). Let x = z + -45. Calculate the highest common divisor of g and x.
18
Let s = -565 + 559. Let x be 3/(-7) - 8352/(-84) - s. Suppose -2*b = -b - 42. What is the highest common divisor of x and b?
21
Let t be -1 + (-7 - -4) + (1 - -3). Suppose t = 5*j + 2*n - 2992, 0*j - n - 604 = -j. Calculate the highest common divisor of j and 24.
24
Let t = 3134 - 3014. What is the greatest common divisor of 4120 and t?
40
Let j be 220*6/8*56/70. Calculate the highest common divisor of 4125 and j.
33
Let u = 1981 + -1684. Let r(o) = -o - 14. Let n be r(-6). Let t = 19 - n. What is the highest common divisor of u and t?
27
Let h = 31 + 138. Let k(t) = t**3 - 4*t**2 - 5*t - 8. Let m be k(5). Let v be (2*4/m)/((-2)/26). Calculate the highest common divisor of h and v.
13
Let l = 26888 - 16485. Calculate the highest common factor of l and 103.
103
Let a = 659 + 671. Calculate the highest common factor of a and 14.
14
Let b = -37 + 43. Suppose -b*q - q = -427. Suppose -65 = -3*h + q. What is the highest common divisor of 210 and h?
42
Suppose -233*f + 237*f = 516. Let l = f + -117. Let p be (-6)/l - 434/(-4). Calculate the greatest common divisor of 12 and p.
12
Let t(m) = m**3 + 6*m**2 - 7*m + 2. Let a be t(-6). Suppose -311*l = -279*l - 352. What is the greatest common divisor of a and l?
11
Let s = 8554 - 3791. What is the highest common factor of 22 and s?
11
Let o(d) = d**3 - 13*d**2 + 18*d + 48. Let s be o(11). Let g be s/10 + (-46206)/(-85). What is the highest common factor of 68 and g?
68
Let m(y) = -156*y + 3 + 317*y - 159*y - 9. Let s be m(8). Let a(i) = -i - 2. Let j be a(-4). Calculate the highest common factor of j and s.
2
Suppose -2*q = -l + 4169, -37*l + 39*l - 2*q - 8338 = 0. Suppose -89 = 3*o - l. Calculate the highest common divisor of 17 and o.
17
Let m be (1/(3 + -1))/((-2)/(-184)). Let z = m + -22. What is the highest common divisor of z and 24?
24
Suppose -526 - 131 = -210*f - 27. Calculate the greatest common factor of f and 3678.
3
Let q(v) = 19*v**2 - 18*v + 48. Let g be q(28). What is the highest common divisor of g and 40?
40
Suppose 0 = -2*v + 3*n + 2 + 114, -5*v - n = -324. Suppose 5*l - 175 = 3*d, 135 = 5*l + 3*d + 2*d. What is the highest common factor of l and v?
32
Suppose 0 = -3434*w + 3662*w - 10944. Suppose -q + 181 - 73 = 0. What is the highest common factor of w and q?
12
Suppose 83*d - 4020 = 37*d + 36*d. Calculate the greatest common divisor of d and 24.
6
Suppose 116*r = 117*r + 100. Let y be (14/(-5))/(4/r). Suppose 45*c = 40*c + y. Calculate the highest common divisor of c and 21.
7
Let g be -1 + 1 - (-2 + 1). Let a(h) = h**3 - 2*h**2 - 4*h + 5. Let p be a(2). Let m be p*(33/(-9) - -3). What is the greatest common divisor of g and m?
1
Suppose 0 = 2*f + 2*f + 8. Let v(g) = 4*g**2 + g - 2. Let y be v(f). Suppose -p = 2*a - 223, 0 = 18*p - 19*p + 7. What is the highest common divisor of y and a?
12
Let h(n) = 24*n**2 - 57*n - 4. Let x be h(-8). Calculate the highest common factor of x and 336.
28
Let b(a) = -4*a**3 - 6*a**2 - 19*a + 6. Let f be b(-3). Suppose 5*d = -q - 7 + 50, -42 = -4*d + 3*q. What is the highest common divisor of d and f?
9
Suppose -3*y - 3*f + 1143 = -852, -3*y + 3*f = -1995. Suppose 131 = 4*c - 3*x, 0 = 3*c - 4*x + 5 - 98. What is the greatest common divisor of y and c?
35
Let j(r) = 7*r**3 + 4*r**2 + 5*r + 1. Let i be j(-2). Let l = 64 + i. Let y = l + 12. Calculate the highest common factor of 54 and y.
27
Let t be (-42)/(-98)*(-7)/(-1)*24. What is the greatest common factor of 1008 and t?
72
Suppose 3*y = 2*g + 15, -5*y - 1 = -2*g - 30. Suppose -z - y*z = -64. Calculate the greatest common divisor of z and 84.
4
Let i = 526 + -283. Suppose 7798 - 25456 = -327*x. What is the highest common factor of x and i?
27
Let n be (24 + 2 - -2) + -1. Let u be 2*11 + (-418 - -414). What is the greatest common factor of u and n?
9
Let n be (-315)/18*4/(-10). Let r(j) = -2*j**2 + 15*j + 7. Let y be r(n). Calculate the greatest common factor of 322 and y.
14
Let t(a) = 2*a**2 - 22*a + 35. Let m be t(10). Let g be m*(-24)/54*-3. What is the greatest common factor of g and 170?
10
Let d be 2/((-8)/(-6))*175/((-2100)/(-304)). Suppose 4*n - 2*n = 76. What is the greatest common factor of n and d?
38
Let n be ((-13)/156)/((-3)/(-8)) - 1140076/(-126). What is the greatest common factor of 48 and n?
24
Suppose u + 2*t = -u + 184, -2*u + 3*t + 179 = 0. Let h be (u - 1)*(8 - (4 - -2)). Calculate the greatest common divisor of 324 and h.
36
Let n = 508 + 248. What is the highest common factor of 945 and n?
189
Let m be 4/6*(-6 + 3). Let l be m + (5 + -4 - 1)/1. Let u be 3/(l/((-48)/9)). Calculate the greatest common factor of 20 and u.
4
Let c(h) = 1169*h**3 - 159*h**2 + 159*h - 1. Let u be c(1). Calculate the highest common divisor of 128 and u.
16
Let a be (2/(8/(-13)))/((-3)/24). Suppose 5*u - h - 124 = a, -h + 5 = 0. Let i be (-5105)/(-55) - (-2)/11. What is the highest common factor of i and u?
31
Suppose -16*u + 18*u + 2*n = 6, n = 5. Let y be 1 + (16 - 4) - (u + 1). What is the greatest common factor of y and 35?
7
Suppose 13*i - p + 646 = 18*i, -4*i + 528 = -2*p. Calculate the greatest common divisor of 320 and i.
10
Let k = -1633 - -1807. Let g be (-258)/(-21) + 8/(-28). Calculate the highest common factor of g and k.
6
Suppose 3*q - 22 = -4. Suppose 1344 = -13*o + 